{"id":880,"date":"2022-05-24T10:56:45","date_gmt":"2022-05-24T08:56:45","guid":{"rendered":"https:\/\/sklep.stylisticcristal.pl\/?post_type=product&#038;p=880"},"modified":"2024-04-11T13:54:37","modified_gmt":"2024-04-11T11:54:37","slug":"lampa-maria-teresa-mt-6-z-sl","status":"publish","type":"product","link":"https:\/\/stylisticcristal.pl\/sklep\/produkty\/lampy-stojace\/lampa-maria-teresa-mt-6-z-sl\/","title":{"rendered":"Lampa Maria Teresa MT\/6\/Z\/SL"},"content":{"rendered":"<p>Lampa stoj\u0105ca polskiej produkcji, emanuj\u0105ca elegancj\u0105 i blaskiem kryszta\u0142u to wszystko, czego potrzebuje Twoje luksusowe wn\u0119trze. O\u015bwietlenie z kolekcji Maria Teresa to nasza ponadczasowa klasyka. Doskonale komponuje si\u0119 z przestrzeniami urz\u0105dzonymi w stylu klasycznym i prze\u0142amuje minimalizm we wn\u0119trzach nowoczesnych, staj\u0105c si\u0119 prawdziw\u0105 ozdob\u0105 pomieszczenia. Produkty wykonujemy r\u0119cznie w naszej pracowni, a ka\u017cdy kryszta\u0142 poddawany jest indywidualnej weryfikacji jako\u015bci.<\/p>\n","protected":false},"excerpt":{"rendered":"<p>Stoj\u0105ca lampa kryszta\u0142owa z kolekcji Maria Teresa. Klasyczny model o\u015bwietlenia, kt\u00f3ry doskonale dope\u0142ni tradycyjne wn\u0119trza lub prze\u0142amie nowoczesne, minimalistyczne przestrzenie.<\/p>\n","protected":false},"featured_media":881,"template":"","meta":[],"product_brand":[],"product_cat":[52],"product_tag":[246],"class_list":{"0":"post-880","1":"product","2":"type-product","3":"status-publish","4":"has-post-thumbnail","6":"product_cat-lampy-stojace","7":"product_tag-kolekcja-maria-teresa","8":"product_shipping_class-standardowa","10":"first","11":"instock","12":"taxable","13":"shipping-taxable","14":"purchasable","15":"product-type-variable"},"yoast_head":"<!-- This site is optimized with the Yoast SEO plugin v27.3 - https:\/\/yoast.com\/product\/yoast-seo-wordpress\/ -->\n<title>Lampa Maria Teresa MT\/6\/Z\/SL - Sklep Stylistic Cristal<\/title>\n<meta name=\"robots\" content=\"index, follow, max-snippet:-1, max-image-preview:large, max-video-preview:-1\" \/>\n<link rel=\"canonical\" href=\"https:\/\/stylisticcristal.pl\/sklep\/produkty\/lampy-stojace\/lampa-maria-teresa-mt-6-z-sl\/\" \/>\n<meta property=\"og:locale\" content=\"pl_PL\" \/>\n<meta property=\"og:type\" content=\"article\" \/>\n<meta property=\"og:title\" content=\"Lampa Maria Teresa MT\/6\/Z\/SL - Sklep Stylistic Cristal\" \/>\n<meta property=\"og:description\" content=\"Stoj\u0105ca lampa kryszta\u0142owa z kolekcji Maria Teresa. Klasyczny model o\u015bwietlenia, kt\u00f3ry doskonale dope\u0142ni tradycyjne wn\u0119trza lub prze\u0142amie nowoczesne, minimalistyczne przestrzenie.\" \/>\n<meta property=\"og:url\" content=\"https:\/\/stylisticcristal.pl\/sklep\/produkty\/lampy-stojace\/lampa-maria-teresa-mt-6-z-sl\/\" \/>\n<meta property=\"og:site_name\" content=\"Sklep Stylistic Cristal\" \/>\n<meta property=\"article:modified_time\" content=\"2024-04-11T11:54:37+00:00\" \/>\n<meta property=\"og:image\" content=\"https:\/\/stylisticcristal.pl\/sklep\/wp-content\/uploads\/2022\/05\/Lampa-Maria-Teresa-MT6ZSL-chrom.jpg\" \/>\n\t<meta property=\"og:image:width\" content=\"1200\" \/>\n\t<meta property=\"og:image:height\" content=\"1200\" \/>\n\t<meta property=\"og:image:type\" content=\"image\/jpeg\" \/>\n<meta name=\"twitter:card\" content=\"summary_large_image\" \/>\n<meta name=\"twitter:label1\" content=\"Szacowany czas czytania\" \/>\n\t<meta name=\"twitter:data1\" content=\"1 minuta\" \/>\n<script type=\"application\/ld+json\" class=\"yoast-schema-graph\">{\"@context\":\"https:\\\/\\\/schema.org\",\"@graph\":[{\"@type\":\"WebPage\",\"@id\":\"https:\\\/\\\/stylisticcristal.pl\\\/sklep\\\/produkty\\\/lampy-stojace\\\/lampa-maria-teresa-mt-6-z-sl\\\/\",\"url\":\"https:\\\/\\\/stylisticcristal.pl\\\/sklep\\\/produkty\\\/lampy-stojace\\\/lampa-maria-teresa-mt-6-z-sl\\\/\",\"name\":\"Lampa Maria Teresa MT\\\/6\\\/Z\\\/SL - Sklep Stylistic Cristal\",\"isPartOf\":{\"@id\":\"https:\\\/\\\/stylisticcristal.pl\\\/sklep\\\/#website\"},\"primaryImageOfPage\":{\"@id\":\"https:\\\/\\\/stylisticcristal.pl\\\/sklep\\\/produkty\\\/lampy-stojace\\\/lampa-maria-teresa-mt-6-z-sl\\\/#primaryimage\"},\"image\":{\"@id\":\"https:\\\/\\\/stylisticcristal.pl\\\/sklep\\\/produkty\\\/lampy-stojace\\\/lampa-maria-teresa-mt-6-z-sl\\\/#primaryimage\"},\"thumbnailUrl\":\"https:\\\/\\\/stylisticcristal.pl\\\/sklep\\\/wp-content\\\/uploads\\\/2022\\\/05\\\/Lampa-Maria-Teresa-MT6ZSL-chrom.jpg\",\"datePublished\":\"2022-05-24T08:56:45+00:00\",\"dateModified\":\"2024-04-11T11:54:37+00:00\",\"breadcrumb\":{\"@id\":\"https:\\\/\\\/stylisticcristal.pl\\\/sklep\\\/produkty\\\/lampy-stojace\\\/lampa-maria-teresa-mt-6-z-sl\\\/#breadcrumb\"},\"inLanguage\":\"pl-PL\",\"potentialAction\":[{\"@type\":\"ReadAction\",\"target\":[\"https:\\\/\\\/stylisticcristal.pl\\\/sklep\\\/produkty\\\/lampy-stojace\\\/lampa-maria-teresa-mt-6-z-sl\\\/\"]}]},{\"@type\":\"ImageObject\",\"inLanguage\":\"pl-PL\",\"@id\":\"https:\\\/\\\/stylisticcristal.pl\\\/sklep\\\/produkty\\\/lampy-stojace\\\/lampa-maria-teresa-mt-6-z-sl\\\/#primaryimage\",\"url\":\"https:\\\/\\\/stylisticcristal.pl\\\/sklep\\\/wp-content\\\/uploads\\\/2022\\\/05\\\/Lampa-Maria-Teresa-MT6ZSL-chrom.jpg\",\"contentUrl\":\"https:\\\/\\\/stylisticcristal.pl\\\/sklep\\\/wp-content\\\/uploads\\\/2022\\\/05\\\/Lampa-Maria-Teresa-MT6ZSL-chrom.jpg\",\"width\":1200,\"height\":1200},{\"@type\":\"BreadcrumbList\",\"@id\":\"https:\\\/\\\/stylisticcristal.pl\\\/sklep\\\/produkty\\\/lampy-stojace\\\/lampa-maria-teresa-mt-6-z-sl\\\/#breadcrumb\",\"itemListElement\":[{\"@type\":\"ListItem\",\"position\":1,\"name\":\"Home\",\"item\":\"https:\\\/\\\/stylisticcristal.pl\\\/sklep\\\/\"},{\"@type\":\"ListItem\",\"position\":2,\"name\":\"Produkty\",\"item\":\"https:\\\/\\\/stylisticcristal.pl\\\/sklep\\\/produkty\\\/\"},{\"@type\":\"ListItem\",\"position\":3,\"name\":\"Lampa Maria Teresa MT\\\/6\\\/Z\\\/SL\"}]},{\"@type\":\"WebSite\",\"@id\":\"https:\\\/\\\/stylisticcristal.pl\\\/sklep\\\/#website\",\"url\":\"https:\\\/\\\/stylisticcristal.pl\\\/sklep\\\/\",\"name\":\"Sklep Stylistic Cristal\",\"description\":\"\u017cyrandole kryszta\u0142owe - sklep z luksusowym o\u015bwietleniem wn\u0119trz\",\"potentialAction\":[{\"@type\":\"SearchAction\",\"target\":{\"@type\":\"EntryPoint\",\"urlTemplate\":\"https:\\\/\\\/stylisticcristal.pl\\\/sklep\\\/?s={search_term_string}\"},\"query-input\":{\"@type\":\"PropertyValueSpecification\",\"valueRequired\":true,\"valueName\":\"search_term_string\"}}],\"inLanguage\":\"pl-PL\"}]}<\/script>\n<!-- \/ Yoast SEO plugin. -->","yoast_head_json":{"title":"Lampa Maria Teresa MT\/6\/Z\/SL - Sklep Stylistic Cristal","robots":{"index":"index","follow":"follow","max-snippet":"max-snippet:-1","max-image-preview":"max-image-preview:large","max-video-preview":"max-video-preview:-1"},"canonical":"https:\/\/stylisticcristal.pl\/sklep\/produkty\/lampy-stojace\/lampa-maria-teresa-mt-6-z-sl\/","og_locale":"pl_PL","og_type":"article","og_title":"Lampa Maria Teresa MT\/6\/Z\/SL - Sklep Stylistic Cristal","og_description":"Stoj\u0105ca lampa kryszta\u0142owa z kolekcji Maria Teresa. Klasyczny model o\u015bwietlenia, kt\u00f3ry doskonale dope\u0142ni tradycyjne wn\u0119trza lub prze\u0142amie nowoczesne, minimalistyczne przestrzenie.","og_url":"https:\/\/stylisticcristal.pl\/sklep\/produkty\/lampy-stojace\/lampa-maria-teresa-mt-6-z-sl\/","og_site_name":"Sklep Stylistic Cristal","article_modified_time":"2024-04-11T11:54:37+00:00","og_image":[{"width":1200,"height":1200,"url":"https:\/\/stylisticcristal.pl\/sklep\/wp-content\/uploads\/2022\/05\/Lampa-Maria-Teresa-MT6ZSL-chrom.jpg","type":"image\/jpeg"}],"twitter_card":"summary_large_image","twitter_misc":{"Szacowany czas czytania":"1 minuta"},"schema":{"@context":"https:\/\/schema.org","@graph":[{"@type":"WebPage","@id":"https:\/\/stylisticcristal.pl\/sklep\/produkty\/lampy-stojace\/lampa-maria-teresa-mt-6-z-sl\/","url":"https:\/\/stylisticcristal.pl\/sklep\/produkty\/lampy-stojace\/lampa-maria-teresa-mt-6-z-sl\/","name":"Lampa Maria Teresa MT\/6\/Z\/SL - Sklep Stylistic Cristal","isPartOf":{"@id":"https:\/\/stylisticcristal.pl\/sklep\/#website"},"primaryImageOfPage":{"@id":"https:\/\/stylisticcristal.pl\/sklep\/produkty\/lampy-stojace\/lampa-maria-teresa-mt-6-z-sl\/#primaryimage"},"image":{"@id":"https:\/\/stylisticcristal.pl\/sklep\/produkty\/lampy-stojace\/lampa-maria-teresa-mt-6-z-sl\/#primaryimage"},"thumbnailUrl":"https:\/\/stylisticcristal.pl\/sklep\/wp-content\/uploads\/2022\/05\/Lampa-Maria-Teresa-MT6ZSL-chrom.jpg","datePublished":"2022-05-24T08:56:45+00:00","dateModified":"2024-04-11T11:54:37+00:00","breadcrumb":{"@id":"https:\/\/stylisticcristal.pl\/sklep\/produkty\/lampy-stojace\/lampa-maria-teresa-mt-6-z-sl\/#breadcrumb"},"inLanguage":"pl-PL","potentialAction":[{"@type":"ReadAction","target":["https:\/\/stylisticcristal.pl\/sklep\/produkty\/lampy-stojace\/lampa-maria-teresa-mt-6-z-sl\/"]}]},{"@type":"ImageObject","inLanguage":"pl-PL","@id":"https:\/\/stylisticcristal.pl\/sklep\/produkty\/lampy-stojace\/lampa-maria-teresa-mt-6-z-sl\/#primaryimage","url":"https:\/\/stylisticcristal.pl\/sklep\/wp-content\/uploads\/2022\/05\/Lampa-Maria-Teresa-MT6ZSL-chrom.jpg","contentUrl":"https:\/\/stylisticcristal.pl\/sklep\/wp-content\/uploads\/2022\/05\/Lampa-Maria-Teresa-MT6ZSL-chrom.jpg","width":1200,"height":1200},{"@type":"BreadcrumbList","@id":"https:\/\/stylisticcristal.pl\/sklep\/produkty\/lampy-stojace\/lampa-maria-teresa-mt-6-z-sl\/#breadcrumb","itemListElement":[{"@type":"ListItem","position":1,"name":"Home","item":"https:\/\/stylisticcristal.pl\/sklep\/"},{"@type":"ListItem","position":2,"name":"Produkty","item":"https:\/\/stylisticcristal.pl\/sklep\/produkty\/"},{"@type":"ListItem","position":3,"name":"Lampa Maria Teresa MT\/6\/Z\/SL"}]},{"@type":"WebSite","@id":"https:\/\/stylisticcristal.pl\/sklep\/#website","url":"https:\/\/stylisticcristal.pl\/sklep\/","name":"Sklep Stylistic Cristal","description":"\u017cyrandole kryszta\u0142owe - sklep z luksusowym o\u015bwietleniem wn\u0119trz","potentialAction":[{"@type":"SearchAction","target":{"@type":"EntryPoint","urlTemplate":"https:\/\/stylisticcristal.pl\/sklep\/?s={search_term_string}"},"query-input":{"@type":"PropertyValueSpecification","valueRequired":true,"valueName":"search_term_string"}}],"inLanguage":"pl-PL"}]}},"_links":{"self":[{"href":"https:\/\/stylisticcristal.pl\/sklep\/wp-json\/wp\/v2\/product\/880","targetHints":{"allow":["GET"]}}],"collection":[{"href":"https:\/\/stylisticcristal.pl\/sklep\/wp-json\/wp\/v2\/product"}],"about":[{"href":"https:\/\/stylisticcristal.pl\/sklep\/wp-json\/wp\/v2\/types\/product"}],"wp:featuredmedia":[{"embeddable":true,"href":"https:\/\/stylisticcristal.pl\/sklep\/wp-json\/wp\/v2\/media\/881"}],"wp:attachment":[{"href":"https:\/\/stylisticcristal.pl\/sklep\/wp-json\/wp\/v2\/media?parent=880"}],"wp:term":[{"taxonomy":"product_brand","embeddable":true,"href":"https:\/\/stylisticcristal.pl\/sklep\/wp-json\/wp\/v2\/product_brand?post=880"},{"taxonomy":"product_cat","embeddable":true,"href":"https:\/\/stylisticcristal.pl\/sklep\/wp-json\/wp\/v2\/product_cat?post=880"},{"taxonomy":"product_tag","embeddable":true,"href":"https:\/\/stylisticcristal.pl\/sklep\/wp-json\/wp\/v2\/product_tag?post=880"}],"curies":[{"name":"wp","href":"https:\/\/api.w.org\/{rel}","templated":true}]}}