{"id":876,"date":"2024-04-11T13:53:48","date_gmt":"2024-04-11T11:53:48","guid":{"rendered":"https:\/\/sklep.stylisticcristal.pl\/?post_type=product&#038;p=876"},"modified":"2024-04-11T13:53:48","modified_gmt":"2024-04-11T11:53:48","slug":"lampa-maria-teresa-mt-6-z-tl","status":"publish","type":"product","link":"https:\/\/stylisticcristal.pl\/sklep\/produkty\/lampy-stojace\/lampa-maria-teresa-mt-6-z-tl\/","title":{"rendered":"Lampa Maria Teresa MT\/6\/Z\/TL"},"content":{"rendered":"<p>Kr\u00f3lowa klasyki i ponadczasowa ikona \u2013 Maria Teresa \u2013 tym razem w wersji lampy na biurko. Lampy gabinetowe, tzw. gabinet\u00f3wki, powinny nie tylko zapewnia\u0107 doskona\u0142e \u017ar\u00f3d\u0142o \u015bwiat\u0142\u0105, ale r\u00f3wnie\u017c stanowi\u0107 elegancj\u0105 ozdob\u0119 wn\u0119trza. Ten model o\u015bwietlenia z powodzeniem mo\u017ce by\u0107 wykorzystywany r\u00f3wnie\u017c w innych pomieszczeniach, niekoniecznie wy\u0142\u0105cznie gabinetach. Sprawdzi si\u0119 r\u00f3wnie\u017c jako lampa na szafk\u0119 nocn\u0105 w sypialni, b\u0119d\u0105c wyj\u0105tkowym uzupe\u0142nieniem klasycznego wn\u0119trza. To, co najpi\u0119kniejsze w lampach z kolekcji Maria Teresa, to fakt, i\u017c z biegiem lat nie trac\u0105 na swoim uroku. Ich nieprzemijalny blask d\u0142ugimi latami roz\u015bwietla wyj\u0105tkowe wn\u0119trza.<\/p>\n","protected":false},"excerpt":{"rendered":"<p>Lampa w stylu gabinetowym z kolekcji Maria Teresa. Klasyczny model stanowi\u0105cy przepi\u0119kne dope\u0142nienie o\u015bwietlenia w klasycznych wn\u0119trzach.<\/p>\n","protected":false},"featured_media":877,"template":"","meta":[],"product_brand":[],"product_cat":[52],"product_tag":[246],"class_list":{"0":"post-876","1":"product","2":"type-product","3":"status-publish","4":"has-post-thumbnail","6":"product_cat-lampy-stojace","7":"product_tag-kolekcja-maria-teresa","8":"product_shipping_class-standardowa","10":"first","11":"instock","12":"taxable","13":"shipping-taxable","14":"purchasable","15":"product-type-variable"},"yoast_head":"<!-- This site is optimized with the Yoast SEO plugin v27.3 - https:\/\/yoast.com\/product\/yoast-seo-wordpress\/ -->\n<title>Lampa Maria Teresa MT\/6\/Z\/TL - Sklep Stylistic Cristal<\/title>\n<meta name=\"robots\" content=\"index, follow, max-snippet:-1, max-image-preview:large, max-video-preview:-1\" \/>\n<link rel=\"canonical\" href=\"https:\/\/stylisticcristal.pl\/sklep\/produkty\/lampy-stojace\/lampa-maria-teresa-mt-6-z-tl\/\" \/>\n<meta property=\"og:locale\" content=\"pl_PL\" \/>\n<meta property=\"og:type\" content=\"article\" \/>\n<meta property=\"og:title\" content=\"Lampa Maria Teresa MT\/6\/Z\/TL - Sklep Stylistic Cristal\" \/>\n<meta property=\"og:description\" content=\"Lampa w stylu gabinetowym z kolekcji Maria Teresa. Klasyczny model stanowi\u0105cy przepi\u0119kne dope\u0142nienie o\u015bwietlenia w klasycznych wn\u0119trzach.\" \/>\n<meta property=\"og:url\" content=\"https:\/\/stylisticcristal.pl\/sklep\/produkty\/lampy-stojace\/lampa-maria-teresa-mt-6-z-tl\/\" \/>\n<meta property=\"og:site_name\" content=\"Sklep Stylistic Cristal\" \/>\n<meta property=\"og:image\" content=\"https:\/\/stylisticcristal.pl\/sklep\/wp-content\/uploads\/2022\/05\/Lampa-Maria-Teresa-MT6ZTL-chrom.jpg\" \/>\n\t<meta property=\"og:image:width\" content=\"1200\" \/>\n\t<meta property=\"og:image:height\" content=\"1200\" \/>\n\t<meta property=\"og:image:type\" content=\"image\/jpeg\" \/>\n<meta name=\"twitter:card\" content=\"summary_large_image\" \/>\n<meta name=\"twitter:label1\" content=\"Szacowany czas czytania\" \/>\n\t<meta name=\"twitter:data1\" content=\"1 minuta\" \/>\n<script type=\"application\/ld+json\" class=\"yoast-schema-graph\">{\"@context\":\"https:\\\/\\\/schema.org\",\"@graph\":[{\"@type\":\"WebPage\",\"@id\":\"https:\\\/\\\/stylisticcristal.pl\\\/sklep\\\/produkty\\\/lampy-stojace\\\/lampa-maria-teresa-mt-6-z-tl\\\/\",\"url\":\"https:\\\/\\\/stylisticcristal.pl\\\/sklep\\\/produkty\\\/lampy-stojace\\\/lampa-maria-teresa-mt-6-z-tl\\\/\",\"name\":\"Lampa Maria Teresa MT\\\/6\\\/Z\\\/TL - Sklep Stylistic Cristal\",\"isPartOf\":{\"@id\":\"https:\\\/\\\/stylisticcristal.pl\\\/sklep\\\/#website\"},\"primaryImageOfPage\":{\"@id\":\"https:\\\/\\\/stylisticcristal.pl\\\/sklep\\\/produkty\\\/lampy-stojace\\\/lampa-maria-teresa-mt-6-z-tl\\\/#primaryimage\"},\"image\":{\"@id\":\"https:\\\/\\\/stylisticcristal.pl\\\/sklep\\\/produkty\\\/lampy-stojace\\\/lampa-maria-teresa-mt-6-z-tl\\\/#primaryimage\"},\"thumbnailUrl\":\"https:\\\/\\\/stylisticcristal.pl\\\/sklep\\\/wp-content\\\/uploads\\\/2022\\\/05\\\/Lampa-Maria-Teresa-MT6ZTL-chrom.jpg\",\"datePublished\":\"2024-04-11T11:53:48+00:00\",\"breadcrumb\":{\"@id\":\"https:\\\/\\\/stylisticcristal.pl\\\/sklep\\\/produkty\\\/lampy-stojace\\\/lampa-maria-teresa-mt-6-z-tl\\\/#breadcrumb\"},\"inLanguage\":\"pl-PL\",\"potentialAction\":[{\"@type\":\"ReadAction\",\"target\":[\"https:\\\/\\\/stylisticcristal.pl\\\/sklep\\\/produkty\\\/lampy-stojace\\\/lampa-maria-teresa-mt-6-z-tl\\\/\"]}]},{\"@type\":\"ImageObject\",\"inLanguage\":\"pl-PL\",\"@id\":\"https:\\\/\\\/stylisticcristal.pl\\\/sklep\\\/produkty\\\/lampy-stojace\\\/lampa-maria-teresa-mt-6-z-tl\\\/#primaryimage\",\"url\":\"https:\\\/\\\/stylisticcristal.pl\\\/sklep\\\/wp-content\\\/uploads\\\/2022\\\/05\\\/Lampa-Maria-Teresa-MT6ZTL-chrom.jpg\",\"contentUrl\":\"https:\\\/\\\/stylisticcristal.pl\\\/sklep\\\/wp-content\\\/uploads\\\/2022\\\/05\\\/Lampa-Maria-Teresa-MT6ZTL-chrom.jpg\",\"width\":1200,\"height\":1200},{\"@type\":\"BreadcrumbList\",\"@id\":\"https:\\\/\\\/stylisticcristal.pl\\\/sklep\\\/produkty\\\/lampy-stojace\\\/lampa-maria-teresa-mt-6-z-tl\\\/#breadcrumb\",\"itemListElement\":[{\"@type\":\"ListItem\",\"position\":1,\"name\":\"Home\",\"item\":\"https:\\\/\\\/stylisticcristal.pl\\\/sklep\\\/\"},{\"@type\":\"ListItem\",\"position\":2,\"name\":\"Produkty\",\"item\":\"https:\\\/\\\/stylisticcristal.pl\\\/sklep\\\/produkty\\\/\"},{\"@type\":\"ListItem\",\"position\":3,\"name\":\"Lampa Maria Teresa MT\\\/6\\\/Z\\\/TL\"}]},{\"@type\":\"WebSite\",\"@id\":\"https:\\\/\\\/stylisticcristal.pl\\\/sklep\\\/#website\",\"url\":\"https:\\\/\\\/stylisticcristal.pl\\\/sklep\\\/\",\"name\":\"Sklep Stylistic Cristal\",\"description\":\"\u017cyrandole kryszta\u0142owe - sklep z luksusowym o\u015bwietleniem wn\u0119trz\",\"potentialAction\":[{\"@type\":\"SearchAction\",\"target\":{\"@type\":\"EntryPoint\",\"urlTemplate\":\"https:\\\/\\\/stylisticcristal.pl\\\/sklep\\\/?s={search_term_string}\"},\"query-input\":{\"@type\":\"PropertyValueSpecification\",\"valueRequired\":true,\"valueName\":\"search_term_string\"}}],\"inLanguage\":\"pl-PL\"}]}<\/script>\n<!-- \/ Yoast SEO plugin. -->","yoast_head_json":{"title":"Lampa Maria Teresa MT\/6\/Z\/TL - Sklep Stylistic Cristal","robots":{"index":"index","follow":"follow","max-snippet":"max-snippet:-1","max-image-preview":"max-image-preview:large","max-video-preview":"max-video-preview:-1"},"canonical":"https:\/\/stylisticcristal.pl\/sklep\/produkty\/lampy-stojace\/lampa-maria-teresa-mt-6-z-tl\/","og_locale":"pl_PL","og_type":"article","og_title":"Lampa Maria Teresa MT\/6\/Z\/TL - Sklep Stylistic Cristal","og_description":"Lampa w stylu gabinetowym z kolekcji Maria Teresa. Klasyczny model stanowi\u0105cy przepi\u0119kne dope\u0142nienie o\u015bwietlenia w klasycznych wn\u0119trzach.","og_url":"https:\/\/stylisticcristal.pl\/sklep\/produkty\/lampy-stojace\/lampa-maria-teresa-mt-6-z-tl\/","og_site_name":"Sklep Stylistic Cristal","og_image":[{"width":1200,"height":1200,"url":"https:\/\/stylisticcristal.pl\/sklep\/wp-content\/uploads\/2022\/05\/Lampa-Maria-Teresa-MT6ZTL-chrom.jpg","type":"image\/jpeg"}],"twitter_card":"summary_large_image","twitter_misc":{"Szacowany czas czytania":"1 minuta"},"schema":{"@context":"https:\/\/schema.org","@graph":[{"@type":"WebPage","@id":"https:\/\/stylisticcristal.pl\/sklep\/produkty\/lampy-stojace\/lampa-maria-teresa-mt-6-z-tl\/","url":"https:\/\/stylisticcristal.pl\/sklep\/produkty\/lampy-stojace\/lampa-maria-teresa-mt-6-z-tl\/","name":"Lampa Maria Teresa MT\/6\/Z\/TL - Sklep Stylistic Cristal","isPartOf":{"@id":"https:\/\/stylisticcristal.pl\/sklep\/#website"},"primaryImageOfPage":{"@id":"https:\/\/stylisticcristal.pl\/sklep\/produkty\/lampy-stojace\/lampa-maria-teresa-mt-6-z-tl\/#primaryimage"},"image":{"@id":"https:\/\/stylisticcristal.pl\/sklep\/produkty\/lampy-stojace\/lampa-maria-teresa-mt-6-z-tl\/#primaryimage"},"thumbnailUrl":"https:\/\/stylisticcristal.pl\/sklep\/wp-content\/uploads\/2022\/05\/Lampa-Maria-Teresa-MT6ZTL-chrom.jpg","datePublished":"2024-04-11T11:53:48+00:00","breadcrumb":{"@id":"https:\/\/stylisticcristal.pl\/sklep\/produkty\/lampy-stojace\/lampa-maria-teresa-mt-6-z-tl\/#breadcrumb"},"inLanguage":"pl-PL","potentialAction":[{"@type":"ReadAction","target":["https:\/\/stylisticcristal.pl\/sklep\/produkty\/lampy-stojace\/lampa-maria-teresa-mt-6-z-tl\/"]}]},{"@type":"ImageObject","inLanguage":"pl-PL","@id":"https:\/\/stylisticcristal.pl\/sklep\/produkty\/lampy-stojace\/lampa-maria-teresa-mt-6-z-tl\/#primaryimage","url":"https:\/\/stylisticcristal.pl\/sklep\/wp-content\/uploads\/2022\/05\/Lampa-Maria-Teresa-MT6ZTL-chrom.jpg","contentUrl":"https:\/\/stylisticcristal.pl\/sklep\/wp-content\/uploads\/2022\/05\/Lampa-Maria-Teresa-MT6ZTL-chrom.jpg","width":1200,"height":1200},{"@type":"BreadcrumbList","@id":"https:\/\/stylisticcristal.pl\/sklep\/produkty\/lampy-stojace\/lampa-maria-teresa-mt-6-z-tl\/#breadcrumb","itemListElement":[{"@type":"ListItem","position":1,"name":"Home","item":"https:\/\/stylisticcristal.pl\/sklep\/"},{"@type":"ListItem","position":2,"name":"Produkty","item":"https:\/\/stylisticcristal.pl\/sklep\/produkty\/"},{"@type":"ListItem","position":3,"name":"Lampa Maria Teresa MT\/6\/Z\/TL"}]},{"@type":"WebSite","@id":"https:\/\/stylisticcristal.pl\/sklep\/#website","url":"https:\/\/stylisticcristal.pl\/sklep\/","name":"Sklep Stylistic Cristal","description":"\u017cyrandole kryszta\u0142owe - sklep z luksusowym o\u015bwietleniem wn\u0119trz","potentialAction":[{"@type":"SearchAction","target":{"@type":"EntryPoint","urlTemplate":"https:\/\/stylisticcristal.pl\/sklep\/?s={search_term_string}"},"query-input":{"@type":"PropertyValueSpecification","valueRequired":true,"valueName":"search_term_string"}}],"inLanguage":"pl-PL"}]}},"_links":{"self":[{"href":"https:\/\/stylisticcristal.pl\/sklep\/wp-json\/wp\/v2\/product\/876","targetHints":{"allow":["GET"]}}],"collection":[{"href":"https:\/\/stylisticcristal.pl\/sklep\/wp-json\/wp\/v2\/product"}],"about":[{"href":"https:\/\/stylisticcristal.pl\/sklep\/wp-json\/wp\/v2\/types\/product"}],"wp:featuredmedia":[{"embeddable":true,"href":"https:\/\/stylisticcristal.pl\/sklep\/wp-json\/wp\/v2\/media\/877"}],"wp:attachment":[{"href":"https:\/\/stylisticcristal.pl\/sklep\/wp-json\/wp\/v2\/media?parent=876"}],"wp:term":[{"taxonomy":"product_brand","embeddable":true,"href":"https:\/\/stylisticcristal.pl\/sklep\/wp-json\/wp\/v2\/product_brand?post=876"},{"taxonomy":"product_cat","embeddable":true,"href":"https:\/\/stylisticcristal.pl\/sklep\/wp-json\/wp\/v2\/product_cat?post=876"},{"taxonomy":"product_tag","embeddable":true,"href":"https:\/\/stylisticcristal.pl\/sklep\/wp-json\/wp\/v2\/product_tag?post=876"}],"curies":[{"name":"wp","href":"https:\/\/api.w.org\/{rel}","templated":true}]}}