{"id":15,"date":"2022-05-13T16:09:05","date_gmt":"2022-05-13T14:09:05","guid":{"rendered":"https:\/\/sklep.stylisticcristal.pl\/?page_id=15"},"modified":"2022-07-18T11:59:24","modified_gmt":"2022-07-18T09:59:24","slug":"zwroty-i-reklamacje","status":"publish","type":"page","link":"https:\/\/stylisticcristal.pl\/sklep\/zwroty-i-reklamacje\/","title":{"rendered":"Zwroty i reklamacje"},"content":{"rendered":"\r\n\r\n\r\n<h3>Reklamacje<\/h3>\r\n<p>Reklamacj\u0119 mo\u017cesz z\u0142o\u017cy\u0107 za pomoc\u0105:<\/p>\r\n<ul>\r\n<li>poczty elektronicznej, poprzez wys\u0142anie wiadomo\u015bci email na adres: stylistic@stylisticcristal.pl,<\/li>\r\n<li>poczty tradycyjnej, na adres: <strong>Stylistic Cristal Marek Kotysz, Irena Kotysz s.c., ul. Metalowc\u00f3w 6, 44-109 Gliwice<\/strong>,<\/li>\r\n<li>telefonicznie, pod numerem: 693 302 216,<\/li>\r\n<li>formularza kontaktowego dost\u0119pnego na Stronie internetowej.<\/li>\r\n<\/ul>\r\n<p>W zg\u0142oszeniu reklamacyjnym nale\u017cy poda\u0107 nast\u0119puj\u0105ce informacje: imi\u0119 i nazwisko, adres korespondencyjny, adres poczty elektronicznej, numer telefonu, dane dotycz\u0105ce reklamowanego towaru (nazwa towaru, data z\u0142o\u017cenia zam\u00f3wienia), opis dostrze\u017conej wady w Towarze, \u017c\u0105danie z tytu\u0142u przys\u0142uguj\u0105cych praw z r\u0119kojmi (w przypadku reklamacji wynikaj\u0105cych z r\u0119kojmi), preferowany spos\u00f3b poinformowania o sposobie rozpatrzenia reklamacji.<\/p>\r\n<p>Reklamacje rozpatruje sprzedaj\u0105cy w terminie 30 dni od dnia jej wniesienia, a w przypadku konsument\u00f3w, w terminie 14 dni. W przypadku reklamacji sk\u0142adanej przez konsumenta, brak odpowiedzi w powy\u017cszym terminie na reklamacj\u0119 oznacza jej uwzgl\u0119dnienie.<\/p>\r\n<p>&nbsp;<\/p>\r\n<h3>R\u0119kojmia<\/h3>\r\n<p>W przypadku, gdy nie jeste\u015b konsumentem, mo\u017cesz zwr\u00f3ci\u0107 towar wy\u0142\u0105cznie w\u00f3wczas, gdy towar posiada wady.<\/p>\r\n<p>Kupuj\u0105cemu przys\u0142uguje prawo do \u017c\u0105dania wymiany wadliwego towaru na nowy, usuni\u0119cia wady, a tak\u017ce do z\u0142o\u017cenia o\u015bwiadczenia o obni\u017ceniu ceny i odst\u0105pieniu od umowy. Odst\u0105pienie od umowy jest mo\u017cliwe wy\u0142\u0105cznie w\u00f3wczas, je\u017celi wada jest istotna.<\/p>\r\n<p>W przypadku skorzystania z prawa do z\u0142o\u017cenia o\u015bwiadczenia o obni\u017ceniu ceny lub odst\u0105pienia od umowy, mo\u017cemy zaoferowa\u0107 Pa\u0144stwu wymian\u0119 towaru na nowy lub napraw\u0119 towaru.<\/p>\r\n<p>Prosz\u0119 zwr\u00f3ci\u0107 uwag\u0119, i\u017c nie ponosimy odpowiedzialno\u015bci za niew\u0142a\u015bciwe korzystanie z towaru, w szczeg\u00f3lno\u015bci poprzez samodzielny monta\u017c niekt\u00f3rych komponent\u00f3w, samodzielne przer\u00f3bki, czy monta\u017c niezgodny z zaleceniami czy instrukcjami sprzedaj\u0105cego.<\/p>\r\n<p>W przypadku skorzystania z przys\u0142uguj\u0105cych Ci uprawnie\u0144, musisz odes\u0142a\u0107 towar na w\u0142asny koszt do sprzedawcy na adres Stylistic Cristal Marek Kotysz, Irena Kotysz s.c., ul. Metalowc\u00f3w 6, 44-109 Gliwice. Przesy\u0142ki za pobraniem nie b\u0119d\u0105 odbierane.<\/p>\r\n<p>&nbsp;<\/p>\r\n<h3>Odst\u0105pienie od umowy przez konsumenta<\/h3>\r\n<p>Je\u015bli jeste\u015b konsumentem, przys\u0142uguje Ci prawo do odst\u0105pienia od umowy sprzeda\u017cy bez podania jakiejkolwiek przyczyny w terminie 14 dni od dnia dostarczenia towaru, a je\u015bli towar jest dostarczany partiami, osobno lub w cz\u0119\u015bciach, termin ten biegnie od dostawy ostatniej rzeczy, partii lub cz\u0119\u015bci.<\/p>\r\n<p>W takim przypadku powiniene\u015b w terminie 14 dni od momentu skorzystania z przys\u0142uguj\u0105cego Ci uprawnienia do odst\u0105pienia od umowy odes\u0142a\u0107 towar na w\u0142asny koszt do sprzedawcy na adres <strong>Stylistic Cristal Marek Kotysz, Irena Kotysz s.c., ul. Metalowc\u00f3w 6, 44-109 Gliwice<\/strong>. Przesy\u0142ki za pobraniem nie b\u0119d\u0105 odbierane.<\/p>\r\n<p>Zwrot \u015brodk\u00f3w nast\u0105pi we wskazany przez Ciebie spos\u00f3b niezw\u0142ocznie, nie p\u00f3\u017aniej jednak ni\u017c w terminie <strong>14 dni od dnia, w kt\u00f3rym zwr\u00f3ci\u0142e\u015b nam towar<\/strong>.<\/p>\r\n<p>Prawo do odst\u0105pienia od Umowy sprzeda\u017cy zawartej na odleg\u0142o\u015b\u0107 nie przys\u0142uguje konsumentowi w odniesieniu do Umowy sprzeda\u017cy:<\/p>\r\n<ul>\r\n<li>w kt\u00f3rej towar stanowi rzecz nieprefabrykowana, wyprodukowana wed\u0142ug specyfikacji konsumenta lub s\u0142u\u017c\u0105ca zaspokojeniu jego zindywidualizowanych potrzeb,<\/li>\r\n<li>o \u015bwiadczenie us\u0142ug, je\u017celi sprzedawca wykona\u0142 w pe\u0142ni us\u0142ug\u0119 za wyra\u017an\u0105 zgod\u0105 konsumenta, kt\u00f3ry zosta\u0142 poinformowany przed rozpocz\u0119ciem \u015bwiadczenia, \u017ce po spe\u0142nieniu \u015bwiadczenia przez Sprzedawc\u0119 utraci prawo odst\u0105pienia od umowy,<\/li>\r\n<li>w kt\u00f3rej przedmiotem \u015bwiadczenia jest rzecz dostarczana w zapiecz\u0119towanym opakowaniu, kt\u00f3rej po otwarciu opakowania nie mo\u017cna zwr\u00f3ci\u0107 ze wzgl\u0119du na ochron\u0119 zdrowia lub ze wzgl\u0119d\u00f3w higienicznych, je\u017celi opakowanie zosta\u0142o otwarte po dostarczeniu,<\/li>\r\n<li>w kt\u00f3rej przedmiotem \u015bwiadczenia s\u0105 rzeczy, kt\u00f3re po dostarczeniu, ze wzgl\u0119du na sw\u00f3j charakter, zostaj\u0105 nieroz\u0142\u0105cznie po\u0142\u0105czone z innymi rzeczami.<\/li>\r\n<\/ul>\r\n<p>Szczeg\u00f3\u0142y znajduj\u0105 si\u0119 w Regulaminie.<\/p>\r\n","protected":false},"excerpt":{"rendered":"<p>Reklamacje Reklamacj\u0119 mo\u017cesz z\u0142o\u017cy\u0107 za pomoc\u0105: poczty elektronicznej, poprzez wys\u0142anie wiadomo\u015bci email na adres: stylistic@stylisticcristal.pl, poczty tradycyjnej, na adres: Stylistic Cristal Marek Kotysz, Irena Kotysz s.c., ul. Metalowc\u00f3w 6, 44-109 Gliwice, telefonicznie, pod numerem: 693 302 216, formularza kontaktowego dost\u0119pnego na Stronie internetowej. W zg\u0142oszeniu reklamacyjnym nale\u017cy poda\u0107 nast\u0119puj\u0105ce informacje: imi\u0119 i nazwisko, adres korespondencyjny,&hellip;<\/p>\n","protected":false},"author":1,"featured_media":0,"parent":0,"menu_order":0,"comment_status":"closed","ping_status":"closed","template":"","meta":{"footnotes":""},"class_list":["post-15","page","type-page","status-publish","hentry"],"yoast_head":"<!-- This site is optimized with the Yoast SEO plugin v27.3 - https:\/\/yoast.com\/product\/yoast-seo-wordpress\/ -->\n<title>Zwroty i reklamacje - Sklep Stylistic Cristal<\/title>\n<meta name=\"robots\" content=\"index, follow, max-snippet:-1, max-image-preview:large, max-video-preview:-1\" \/>\n<link rel=\"canonical\" href=\"https:\/\/stylisticcristal.pl\/sklep\/zwroty-i-reklamacje\/\" \/>\n<meta property=\"og:locale\" content=\"pl_PL\" \/>\n<meta property=\"og:type\" content=\"article\" \/>\n<meta property=\"og:title\" content=\"Zwroty i reklamacje - Sklep Stylistic Cristal\" \/>\n<meta property=\"og:description\" content=\"Reklamacje Reklamacj\u0119 mo\u017cesz z\u0142o\u017cy\u0107 za pomoc\u0105: poczty elektronicznej, poprzez wys\u0142anie wiadomo\u015bci email na adres: stylistic@stylisticcristal.pl, poczty tradycyjnej, na adres: Stylistic Cristal Marek Kotysz, Irena Kotysz s.c., ul. Metalowc\u00f3w 6, 44-109 Gliwice, telefonicznie, pod numerem: 693 302 216, formularza kontaktowego dost\u0119pnego na Stronie internetowej. W zg\u0142oszeniu reklamacyjnym nale\u017cy poda\u0107 nast\u0119puj\u0105ce informacje: imi\u0119 i nazwisko, adres korespondencyjny,&hellip;\" \/>\n<meta property=\"og:url\" content=\"https:\/\/stylisticcristal.pl\/sklep\/zwroty-i-reklamacje\/\" \/>\n<meta property=\"og:site_name\" content=\"Sklep Stylistic Cristal\" \/>\n<meta property=\"article:modified_time\" content=\"2022-07-18T09:59:24+00:00\" \/>\n<meta name=\"twitter:card\" content=\"summary_large_image\" \/>\n<meta name=\"twitter:label1\" content=\"Szacowany czas czytania\" \/>\n\t<meta name=\"twitter:data1\" content=\"4 minuty\" \/>\n<script type=\"application\/ld+json\" class=\"yoast-schema-graph\">{\"@context\":\"https:\\\/\\\/schema.org\",\"@graph\":[{\"@type\":\"WebPage\",\"@id\":\"https:\\\/\\\/stylisticcristal.pl\\\/sklep\\\/zwroty-i-reklamacje\\\/\",\"url\":\"https:\\\/\\\/stylisticcristal.pl\\\/sklep\\\/zwroty-i-reklamacje\\\/\",\"name\":\"Zwroty i reklamacje - Sklep Stylistic Cristal\",\"isPartOf\":{\"@id\":\"https:\\\/\\\/stylisticcristal.pl\\\/sklep\\\/#website\"},\"datePublished\":\"2022-05-13T14:09:05+00:00\",\"dateModified\":\"2022-07-18T09:59:24+00:00\",\"breadcrumb\":{\"@id\":\"https:\\\/\\\/stylisticcristal.pl\\\/sklep\\\/zwroty-i-reklamacje\\\/#breadcrumb\"},\"inLanguage\":\"pl-PL\",\"potentialAction\":[{\"@type\":\"ReadAction\",\"target\":[\"https:\\\/\\\/stylisticcristal.pl\\\/sklep\\\/zwroty-i-reklamacje\\\/\"]}]},{\"@type\":\"BreadcrumbList\",\"@id\":\"https:\\\/\\\/stylisticcristal.pl\\\/sklep\\\/zwroty-i-reklamacje\\\/#breadcrumb\",\"itemListElement\":[{\"@type\":\"ListItem\",\"position\":1,\"name\":\"Home\",\"item\":\"https:\\\/\\\/stylisticcristal.pl\\\/sklep\\\/\"},{\"@type\":\"ListItem\",\"position\":2,\"name\":\"Zwroty i reklamacje\"}]},{\"@type\":\"WebSite\",\"@id\":\"https:\\\/\\\/stylisticcristal.pl\\\/sklep\\\/#website\",\"url\":\"https:\\\/\\\/stylisticcristal.pl\\\/sklep\\\/\",\"name\":\"Sklep Stylistic Cristal\",\"description\":\"\u017cyrandole kryszta\u0142owe - sklep z luksusowym o\u015bwietleniem wn\u0119trz\",\"potentialAction\":[{\"@type\":\"SearchAction\",\"target\":{\"@type\":\"EntryPoint\",\"urlTemplate\":\"https:\\\/\\\/stylisticcristal.pl\\\/sklep\\\/?s={search_term_string}\"},\"query-input\":{\"@type\":\"PropertyValueSpecification\",\"valueRequired\":true,\"valueName\":\"search_term_string\"}}],\"inLanguage\":\"pl-PL\"}]}<\/script>\n<!-- \/ Yoast SEO plugin. -->","yoast_head_json":{"title":"Zwroty i reklamacje - Sklep Stylistic Cristal","robots":{"index":"index","follow":"follow","max-snippet":"max-snippet:-1","max-image-preview":"max-image-preview:large","max-video-preview":"max-video-preview:-1"},"canonical":"https:\/\/stylisticcristal.pl\/sklep\/zwroty-i-reklamacje\/","og_locale":"pl_PL","og_type":"article","og_title":"Zwroty i reklamacje - Sklep Stylistic Cristal","og_description":"Reklamacje Reklamacj\u0119 mo\u017cesz z\u0142o\u017cy\u0107 za pomoc\u0105: poczty elektronicznej, poprzez wys\u0142anie wiadomo\u015bci email na adres: stylistic@stylisticcristal.pl, poczty tradycyjnej, na adres: Stylistic Cristal Marek Kotysz, Irena Kotysz s.c., ul. Metalowc\u00f3w 6, 44-109 Gliwice, telefonicznie, pod numerem: 693 302 216, formularza kontaktowego dost\u0119pnego na Stronie internetowej. W zg\u0142oszeniu reklamacyjnym nale\u017cy poda\u0107 nast\u0119puj\u0105ce informacje: imi\u0119 i nazwisko, adres korespondencyjny,&hellip;","og_url":"https:\/\/stylisticcristal.pl\/sklep\/zwroty-i-reklamacje\/","og_site_name":"Sklep Stylistic Cristal","article_modified_time":"2022-07-18T09:59:24+00:00","twitter_card":"summary_large_image","twitter_misc":{"Szacowany czas czytania":"4 minuty"},"schema":{"@context":"https:\/\/schema.org","@graph":[{"@type":"WebPage","@id":"https:\/\/stylisticcristal.pl\/sklep\/zwroty-i-reklamacje\/","url":"https:\/\/stylisticcristal.pl\/sklep\/zwroty-i-reklamacje\/","name":"Zwroty i reklamacje - Sklep Stylistic Cristal","isPartOf":{"@id":"https:\/\/stylisticcristal.pl\/sklep\/#website"},"datePublished":"2022-05-13T14:09:05+00:00","dateModified":"2022-07-18T09:59:24+00:00","breadcrumb":{"@id":"https:\/\/stylisticcristal.pl\/sklep\/zwroty-i-reklamacje\/#breadcrumb"},"inLanguage":"pl-PL","potentialAction":[{"@type":"ReadAction","target":["https:\/\/stylisticcristal.pl\/sklep\/zwroty-i-reklamacje\/"]}]},{"@type":"BreadcrumbList","@id":"https:\/\/stylisticcristal.pl\/sklep\/zwroty-i-reklamacje\/#breadcrumb","itemListElement":[{"@type":"ListItem","position":1,"name":"Home","item":"https:\/\/stylisticcristal.pl\/sklep\/"},{"@type":"ListItem","position":2,"name":"Zwroty i reklamacje"}]},{"@type":"WebSite","@id":"https:\/\/stylisticcristal.pl\/sklep\/#website","url":"https:\/\/stylisticcristal.pl\/sklep\/","name":"Sklep Stylistic Cristal","description":"\u017cyrandole kryszta\u0142owe - sklep z luksusowym o\u015bwietleniem wn\u0119trz","potentialAction":[{"@type":"SearchAction","target":{"@type":"EntryPoint","urlTemplate":"https:\/\/stylisticcristal.pl\/sklep\/?s={search_term_string}"},"query-input":{"@type":"PropertyValueSpecification","valueRequired":true,"valueName":"search_term_string"}}],"inLanguage":"pl-PL"}]}},"_links":{"self":[{"href":"https:\/\/stylisticcristal.pl\/sklep\/wp-json\/wp\/v2\/pages\/15","targetHints":{"allow":["GET"]}}],"collection":[{"href":"https:\/\/stylisticcristal.pl\/sklep\/wp-json\/wp\/v2\/pages"}],"about":[{"href":"https:\/\/stylisticcristal.pl\/sklep\/wp-json\/wp\/v2\/types\/page"}],"author":[{"embeddable":true,"href":"https:\/\/stylisticcristal.pl\/sklep\/wp-json\/wp\/v2\/users\/1"}],"replies":[{"embeddable":true,"href":"https:\/\/stylisticcristal.pl\/sklep\/wp-json\/wp\/v2\/comments?post=15"}],"version-history":[{"count":9,"href":"https:\/\/stylisticcristal.pl\/sklep\/wp-json\/wp\/v2\/pages\/15\/revisions"}],"predecessor-version":[{"id":1217,"href":"https:\/\/stylisticcristal.pl\/sklep\/wp-json\/wp\/v2\/pages\/15\/revisions\/1217"}],"wp:attachment":[{"href":"https:\/\/stylisticcristal.pl\/sklep\/wp-json\/wp\/v2\/media?parent=15"}],"curies":[{"name":"wp","href":"https:\/\/api.w.org\/{rel}","templated":true}]}}